{"id":651,"date":"2023-04-16T14:01:41","date_gmt":"2023-04-16T14:01:41","guid":{"rendered":"http:\/\/www.ju-aesthetic.de\/?page_id=651"},"modified":"2026-04-01T11:06:23","modified_gmt":"2026-04-01T11:06:23","slug":"pakete","status":"publish","type":"page","link":"https:\/\/www.ju-aesthetic.de\/?page_id=651","title":{"rendered":"Pakete"},"content":{"rendered":"\t\t<div data-elementor-type=\"wp-page\" data-elementor-id=\"651\" class=\"elementor elementor-651\" data-elementor-post-type=\"page\">\n\t\t\t\t<div class=\"elementor-element elementor-element-49f754aa e-flex e-con-boxed e-con e-parent\" data-id=\"49f754aa\" data-element_type=\"container\">\n\t\t\t\t\t<div class=\"e-con-inner\">\n\t\t<div class=\"elementor-element elementor-element-153dc542 e-con-full e-flex e-con e-child\" data-id=\"153dc542\" data-element_type=\"container\">\n\t\t\t\t<div class=\"elementor-element elementor-element-364752fa elementor-widget elementor-widget-heading\" data-id=\"364752fa\" data-element_type=\"widget\" data-widget_type=\"heading.default\">\n\t\t\t\t<div class=\"elementor-widget-container\">\n\t\t\t\t\t<h2 class=\"elementor-heading-title elementor-size-default\">PAKETE<\/h2>\t\t\t\t<\/div>\n\t\t\t\t<\/div>\n\t\t\t\t<div class=\"elementor-element elementor-element-459d3816 elementor-widget elementor-widget-text-editor\" data-id=\"459d3816\" data-element_type=\"widget\" data-widget_type=\"text-editor.default\">\n\t\t\t\t<div class=\"elementor-widget-container\">\n\t\t\t\t\t\t\t\t\t<p><strong>Mehr Wirkung durch sinnvoll kombinierte \u00e4sthetische Behandlungen<\/strong><br \/>In der modernen \u00e4sthetischen Medizin ist es oft besonders effektiv, verschiedene Behandlungen gezielt miteinander zu kombinieren. Durch individuell abgestimmte Behandlungspakete lassen sich nat\u00fcrliche, harmonische und vor allem nachhaltige Ergebnisse erzielen \u2013 \u00a0mit weniger Sitzungen als bei Einzelbehandlungen.<\/p><p><strong>Kurzfristige Ergebnisse + langfristige Hautqualit\u00e4t<\/strong><br \/>Viele Patienten w\u00fcnschen sich einerseits schnell sichtbare Resultate, andererseits aber auch eine langfristige Verbesserung der Hautqualit\u00e4t. Genau hier setzen Kombinationsbehandlungen an.<\/p><p><strong>Typische und bew\u00e4hrte Kombinationen sind zum Beispiel:<\/strong><\/p><p><a href=\"https:\/\/www.ju-aesthetic.de\/?page_id=604\">Botulinumtoxin<\/a> zur Reduktion mimischer Faltenkombiniert mit hautqualit\u00e4tsverbessernden Behandlungen wie Skinboostern\u00ae\ufe0foder <a href=\"https:\/\/www.ju-aesthetic.de\/?page_id=612\">Profhilo<\/a>\u00ae\ufe0f.<br \/>\u2192 f\u00fcr ein entspanntes, frisches Erscheinungsbild bei gleichzeitig verbesserter Hautstruktur.<\/p><p><a href=\"https:\/\/www.ju-aesthetic.de\/?page_id=604\">Botulinumtoxin<\/a> in Kombination mit Biostimulation (z. B. <a href=\"https:\/\/www.ju-aesthetic.de\/?page_id=606\">Sculptra\u00ae\ufe0f<\/a>).<br \/>\u2192 f\u00fcr Faltenreduktion und gleichzeitigen Aufbau von Kollagen \u00fcber Monate hinweg.<\/p><p>Biostimulative oder regenerative Behandlungen (<a href=\"https:\/\/www.ju-aesthetic.de\/?page_id=606\">Sculptra\u00ae\ufe0f<\/a>oder <a href=\"https:\/\/www.ju-aesthetic.de\/?page_id=612\">Skinbooster\u00ae\ufe0f<\/a>)erg\u00e4nzt durch <a href=\"https:\/\/www.ju-aesthetic.de\/?page_id=610\">Vitamin-Infusionen (Drip Spa<\/a>).<br \/>\u2192 zur Unterst\u00fctzung von Regeneration, Zellstoffwechsel und allgemeinem Wohlbefinden<\/p><p><a href=\"https:\/\/www.ju-aesthetic.de\/?page_id=610\">Eigenbluttherapie (PRP)<\/a> in Kombination mit <a href=\"https:\/\/www.ju-aesthetic.de\/?page_id=610\">Infusionen<\/a>.<br \/>\u2192 zur ganzheitlichen Unterst\u00fctzung von Haut, Haaren und Regenerationsprozessen.<\/p><p><strong>Individuelle Behandlungskonzepte statt Standardl\u00f6sungen<\/strong><br \/>Welche Kombination sinnvoll ist, h\u00e4ngt immer von mehreren Faktoren ab.\u00a0Deshalb werden Behandlungspakete nicht pauschal, sondern individuell im Rahmen eines ausf\u00fchrlichen <a href=\"https:\/\/www.ju-aesthetic.de\/?page_id=634\">Beratungsgespr\u00e4chs<\/a> geplant. In meiner <a href=\"https:\/\/www.ju-aesthetic.de\/?page_id=642\">Praxis<\/a> erstelle ich gemeinsam mit Dir einen ma\u00dfgeschneiderten Behandlungsplan, der sowohl medizinisch sinnvoll als auch \u00e4sthetisch harmonisch ist.<br \/>Selbstverst\u00e4ndlich wird dabei immer darauf geachtet, dass die Kombination medizinisch sicher, gut vertr\u00e4glich und sinnvoll ist.<br \/>Pers\u00f6nliche Beratung als Grundlage<br \/>Ob und welche Behandlungen kombiniert werden k\u00f6nnen, kl\u00e4ren wir individuell. Ich nehme mir Zeit, Deine W\u00fcnsche zu verstehen, Deine Haut professionell zu analysieren und ein individuelles, realistisches und nachhaltiges Behandlungskonzept zu entwickeln.<\/p>\t\t\t\t\t\t\t\t<\/div>\n\t\t\t\t<\/div>\n\t\t\t\t<\/div>\n\t\t<div class=\"elementor-element elementor-element-4b3cc0c5 e-con-full e-flex e-con e-child\" data-id=\"4b3cc0c5\" data-element_type=\"container\" data-settings=\"{&quot;background_background&quot;:&quot;classic&quot;}\">\n\t\t\t\t<div class=\"elementor-element elementor-element-721af160 elementor-absolute elementor-widget elementor-widget-image\" data-id=\"721af160\" data-element_type=\"widget\" data-settings=\"{&quot;_position&quot;:&quot;absolute&quot;}\" data-widget_type=\"image.default\">\n\t\t\t\t<div class=\"elementor-widget-container\">\n\t\t\t\t\t\t\t\t\t\t\t\t\t\t\t<img fetchpriority=\"high\" decoding=\"async\" width=\"768\" height=\"1152\" src=\"https:\/\/www.ju-aesthetic.de\/wp-content\/uploads\/2026\/02\/00313__L7A5656-768x1152.jpg\" class=\"attachment-medium_large size-medium_large wp-image-4499\" alt=\"\" srcset=\"https:\/\/www.ju-aesthetic.de\/wp-content\/uploads\/2026\/02\/00313__L7A5656-768x1152.jpg 768w, https:\/\/www.ju-aesthetic.de\/wp-content\/uploads\/2026\/02\/00313__L7A5656-200x300.jpg 200w, https:\/\/www.ju-aesthetic.de\/wp-content\/uploads\/2026\/02\/00313__L7A5656-683x1024.jpg 683w, https:\/\/www.ju-aesthetic.de\/wp-content\/uploads\/2026\/02\/00313__L7A5656-1024x1536.jpg 1024w, https:\/\/www.ju-aesthetic.de\/wp-content\/uploads\/2026\/02\/00313__L7A5656-1365x2048.jpg 1365w, https:\/\/www.ju-aesthetic.de\/wp-content\/uploads\/2026\/02\/00313__L7A5656-scaled.jpg 1707w\" sizes=\"(max-width: 768px) 100vw, 768px\" \/>\t\t\t\t\t\t\t\t\t\t\t\t\t\t\t<\/div>\n\t\t\t\t<\/div>\n\t\t\t\t<div class=\"elementor-element elementor-element-73182779 elementor-widget elementor-widget-price-list\" data-id=\"73182779\" data-element_type=\"widget\" data-widget_type=\"price-list.default\">\n\t\t\t\t<div class=\"elementor-widget-container\">\n\t\t\t\t\t\n\t\t<ul class=\"elementor-price-list\">\n\n\t\t\t\t\t\t\t\t\t<li class=\"elementor-price-list-item\">\t\t\t\t\n\t\t\t\t<div class=\"elementor-price-list-text\">\n\t\t\t\t\t\t\t\t\t<div class=\"elementor-price-list-header\">\n\t\t\t\t\t\t\t\t\t\t\t<span class=\"elementor-price-list-title\">\n\t\t\t\t\t\t\tBotox und Profhilo\t\t\t\t\t\t<\/span>\n\t\t\t\t\t\t\t\t\t\t\t\t\t\t\t\t\t\t<span class=\"elementor-price-list-separator\"><\/span>\n\t\t\t\t\t\t\t\t\t\t\t\t\t\t\t\t\t\t\t<span class=\"elementor-price-list-price\">ab 550\u20ac<\/span>\n\t\t\t\t\t\t\t\t\t\t<\/div>\n\t\t\t\t\t\t\t\t\t\t\t\t\t\t\t<p class=\"elementor-price-list-description\">\n\t\t\t\t\t\t\tBotox Behandlung mit Profhilo f\u00fcr Glow\t\t\t\t\t\t<\/p>\n\t\t\t\t\t\t\t\t<\/div>\n\t\t\t\t<\/li>\t\t\t\t\t\t\t\t\t\t\t\t<li class=\"elementor-price-list-item\">\t\t\t\t\n\t\t\t\t<div class=\"elementor-price-list-text\">\n\t\t\t\t\t\t\t\t\t<div class=\"elementor-price-list-header\">\n\t\t\t\t\t\t\t\t\t\t\t<span class=\"elementor-price-list-title\">\n\t\t\t\t\t\t\tBotox und Sculptra\t\t\t\t\t\t<\/span>\n\t\t\t\t\t\t\t\t\t\t\t\t\t\t\t\t\t\t<span class=\"elementor-price-list-separator\"><\/span>\n\t\t\t\t\t\t\t\t\t\t\t\t\t\t\t\t\t\t\t<span class=\"elementor-price-list-price\">ab 740\u20ac<\/span>\n\t\t\t\t\t\t\t\t\t\t<\/div>\n\t\t\t\t\t\t\t\t\t\t\t\t\t\t\t<p class=\"elementor-price-list-description\">\n\t\t\t\t\t\t\tBotox Behandlung mit Sculptra zur Kollagenbiostimulation\t\t\t\t\t\t<\/p>\n\t\t\t\t\t\t\t\t<\/div>\n\t\t\t\t<\/li>\t\t\t\t\t\t\t\t\t\t\t\t<li><a class=\"elementor-price-list-item\" href=\"https:\/\/www.ju-aesthetic.de\/?page_id=612\">\t\t\t\t\n\t\t\t\t<div class=\"elementor-price-list-text\">\n\t\t\t\t\t\t\t\t\t<div class=\"elementor-price-list-header\">\n\t\t\t\t\t\t\t\t\t\t\t<span class=\"elementor-price-list-title\">\n\t\t\t\t\t\t\tPolynukleotide und Profhilo\t\t\t\t\t\t<\/span>\n\t\t\t\t\t\t\t\t\t\t\t\t\t\t\t\t\t\t<span class=\"elementor-price-list-separator\"><\/span>\n\t\t\t\t\t\t\t\t\t\t\t\t\t\t\t\t\t\t\t<span class=\"elementor-price-list-price\">ab 630\u20ac<\/span>\n\t\t\t\t\t\t\t\t\t\t<\/div>\n\t\t\t\t\t\t\t\t\t\t\t\t\t\t\t<p class=\"elementor-price-list-description\">\n\t\t\t\t\t\t\tKombination zur Kollagenbiostimulation und Durchfeuchtung\t\t\t\t\t\t<\/p>\n\t\t\t\t\t\t\t\t<\/div>\n\t\t\t\t<\/a><\/li>\t\t\t\t\t\t\t\t\t\t\t\t<li><a class=\"elementor-price-list-item\" href=\"https:\/\/www.ju-aesthetic.de\/?page_id=606\">\t\t\t\t\n\t\t\t\t<div class=\"elementor-price-list-text\">\n\t\t\t\t\t\t\t\t\t<div class=\"elementor-price-list-header\">\n\t\t\t\t\t\t\t\t\t\t\t<span class=\"elementor-price-list-title\">\n\t\t\t\t\t\t\tPRP und Drip Spa\t\t\t\t\t\t<\/span>\n\t\t\t\t\t\t\t\t\t\t\t\t\t\t\t\t\t\t<span class=\"elementor-price-list-separator\"><\/span>\n\t\t\t\t\t\t\t\t\t\t\t\t\t\t\t\t\t\t\t<span class=\"elementor-price-list-price\">ab 270\u20ac<\/span>\n\t\t\t\t\t\t\t\t\t\t<\/div>\n\t\t\t\t\t\t\t\t\t\t\t\t\t\t\t<p class=\"elementor-price-list-description\">\n\t\t\t\t\t\t\tEigenblut Herstellung f\u00fcrs Microneedling und Vitamininfusion\t\t\t\t\t\t<\/p>\n\t\t\t\t\t\t\t\t<\/div>\n\t\t\t\t<\/a><\/li>\t\t\t\t\t\n\t\t<\/ul>\n\n\t\t\t\t\t\t<\/div>\n\t\t\t\t<\/div>\n\t\t\t\t<\/div>\n\t\t\t\t\t<\/div>\n\t\t\t\t<\/div>\n\t\t<div class=\"elementor-element elementor-element-79419cf e-flex e-con-boxed e-con e-parent\" data-id=\"79419cf\" data-element_type=\"container\">\n\t\t\t\t\t<div class=\"e-con-inner\">\n\t\t\t\t<div class=\"elementor-element elementor-element-832 elementor-align-center elementor-widget elementor-widget-global elementor-global-832 elementor-widget-button\" data-id=\"832\" data-element_type=\"widget\" data-widget_type=\"button.default\">\n\t\t\t\t<div class=\"elementor-widget-container\">\n\t\t\t\t\t\t\t\t\t<div class=\"elementor-button-wrapper\">\n\t\t\t\t\t<a class=\"elementor-button elementor-button-link elementor-size-sm\" href=\"https:\/\/www.ju-aesthetic.de\/?page_id=221\" target=\"_blank\">\n\t\t\t\t\t\t<span class=\"elementor-button-content-wrapper\">\n\t\t\t\t\t\t\t\t\t<span class=\"elementor-button-text\">Kontakt           <\/span>\n\t\t\t\t\t<\/span>\n\t\t\t\t\t<\/a>\n\t\t\t\t<\/div>\n\t\t\t\t\t\t\t\t<\/div>\n\t\t\t\t<\/div>\n\t\t\t\t<div class=\"elementor-element elementor-element-829 elementor-align-center elementor-widget elementor-widget-global elementor-global-829 elementor-widget-button\" data-id=\"829\" data-element_type=\"widget\" data-settings=\"{&quot;motion_fx_motion_fx_mouse&quot;:&quot;yes&quot;,&quot;_animation&quot;:&quot;none&quot;}\" data-widget_type=\"button.default\">\n\t\t\t\t<div class=\"elementor-widget-container\">\n\t\t\t\t\t\t\t\t\t<div class=\"elementor-button-wrapper\">\n\t\t\t\t\t<a class=\"elementor-button elementor-button-link elementor-size-sm\" href=\"https:\/\/www.doctolib.de\/arzt\/rosenheim\/julia-kiefl\" target=\"_blank\">\n\t\t\t\t\t\t<span class=\"elementor-button-content-wrapper\">\n\t\t\t\t\t\t\t\t\t<span class=\"elementor-button-text\">Online Terminvereinbarung<\/span>\n\t\t\t\t\t<\/span>\n\t\t\t\t\t<\/a>\n\t\t\t\t<\/div>\n\t\t\t\t\t\t\t\t<\/div>\n\t\t\t\t<\/div>\n\t\t\t\t\t<\/div>\n\t\t\t\t<\/div>\n\t\t<div class=\"elementor-element elementor-element-07ebec8 e-flex e-con-boxed e-con e-parent\" data-id=\"07ebec8\" data-element_type=\"container\">\n\t\t\t\t\t<div class=\"e-con-inner\">\n\t\t\t\t<div class=\"elementor-element elementor-element-2be0ce7 elementor-widget elementor-widget-spacer\" data-id=\"2be0ce7\" data-element_type=\"widget\" data-widget_type=\"spacer.default\">\n\t\t\t\t<div class=\"elementor-widget-container\">\n\t\t\t\t\t\t\t<div class=\"elementor-spacer\">\n\t\t\t<div class=\"elementor-spacer-inner\"><\/div>\n\t\t<\/div>\n\t\t\t\t\t\t<\/div>\n\t\t\t\t<\/div>\n\t\t\t\t\t<\/div>\n\t\t\t\t<\/div>\n\t\t\t\t<\/div>\n\t\t","protected":false},"excerpt":{"rendered":"<p>PAKETE Mehr Wirkung durch sinnvoll kombinierte \u00e4sthetische BehandlungenIn der modernen \u00e4sthetischen Medizin ist es oft besonders effektiv, verschiedene Behandlungen gezielt miteinander zu kombinieren. Durch individuell abgestimmte Behandlungspakete lassen sich nat\u00fcrliche, harmonische und vor allem nachhaltige Ergebnisse erzielen \u2013 \u00a0mit weniger Sitzungen als bei Einzelbehandlungen. Kurzfristige Ergebnisse + langfristige Hautqualit\u00e4tViele Patienten w\u00fcnschen sich einerseits schnell sichtbare [&hellip;]<\/p>\n","protected":false},"author":1,"featured_media":0,"parent":0,"menu_order":0,"comment_status":"closed","ping_status":"closed","template":"","meta":{"footnotes":""},"class_list":["post-651","page","type-page","status-publish","hentry"],"_links":{"self":[{"href":"https:\/\/www.ju-aesthetic.de\/index.php?rest_route=\/wp\/v2\/pages\/651","targetHints":{"allow":["GET"]}}],"collection":[{"href":"https:\/\/www.ju-aesthetic.de\/index.php?rest_route=\/wp\/v2\/pages"}],"about":[{"href":"https:\/\/www.ju-aesthetic.de\/index.php?rest_route=\/wp\/v2\/types\/page"}],"author":[{"embeddable":true,"href":"https:\/\/www.ju-aesthetic.de\/index.php?rest_route=\/wp\/v2\/users\/1"}],"replies":[{"embeddable":true,"href":"https:\/\/www.ju-aesthetic.de\/index.php?rest_route=%2Fwp%2Fv2%2Fcomments&post=651"}],"version-history":[{"count":40,"href":"https:\/\/www.ju-aesthetic.de\/index.php?rest_route=\/wp\/v2\/pages\/651\/revisions"}],"predecessor-version":[{"id":4558,"href":"https:\/\/www.ju-aesthetic.de\/index.php?rest_route=\/wp\/v2\/pages\/651\/revisions\/4558"}],"wp:attachment":[{"href":"https:\/\/www.ju-aesthetic.de\/index.php?rest_route=%2Fwp%2Fv2%2Fmedia&parent=651"}],"curies":[{"name":"wp","href":"https:\/\/api.w.org\/{rel}","templated":true}]}}