{"id":649,"date":"2023-04-16T13:59:36","date_gmt":"2023-04-16T13:59:36","guid":{"rendered":"http:\/\/www.ju-aesthetic.de\/?page_id=649"},"modified":"2026-04-01T11:07:37","modified_gmt":"2026-04-01T11:07:37","slug":"weniger-falten-2","status":"publish","type":"page","link":"https:\/\/www.ju-aesthetic.de\/?page_id=649","title":{"rendered":"Weniger Falten"},"content":{"rendered":"\t\t<div data-elementor-type=\"wp-page\" data-elementor-id=\"649\" class=\"elementor elementor-649\" data-elementor-post-type=\"page\">\n\t\t\t\t<div class=\"elementor-element elementor-element-43bb9398 e-con-full e-flex e-con e-parent\" data-id=\"43bb9398\" data-element_type=\"container\">\n\t\t\t\t<div class=\"elementor-element elementor-element-1e636cb7 elementor-widget elementor-widget-heading\" data-id=\"1e636cb7\" data-element_type=\"widget\" data-widget_type=\"heading.default\">\n\t\t\t\t<div class=\"elementor-widget-container\">\n\t\t\t\t\t<h2 class=\"elementor-heading-title elementor-size-default\">FALTENTHERAPIE UND ANTI-AGING<\/h2>\t\t\t\t<\/div>\n\t\t\t\t<\/div>\n\t\t\t\t<div class=\"elementor-element elementor-element-3ccb080 elementor-widget elementor-widget-text-editor\" data-id=\"3ccb080\" data-element_type=\"widget\" data-widget_type=\"text-editor.default\">\n\t\t\t\t<div class=\"elementor-widget-container\">\n\t\t\t\t\t\t\t\t\t<div dir=\"auto\"><p>Im Laufe des nat\u00fcrlichen Alterungsprozess entstehen in unserem Gesicht Falten, die von vielen Menschen als st\u00f6rend empfunden werde. Es ist bei der Therapie enorm wichtig, den Enstehungsprozess der Falte zu kennen und zu verstehen, sei es durch st\u00e4ndig wiederkehrende Mimik (z.B. Zornesfalte) oder abrutschendes Gewebe (z.B. Nasolabialfalte). Nur so kann man sichtbare, aber eben auch nat\u00fcrliche Ergebnisse schaffen.<\/p><div dir=\"auto\"><p><a href=\"https:\/\/www.ju-aesthetic.de\/?page_id=602\"><strong>Hyalurons\u00e4ure &#8211; Filler zur Unterf\u00fctterung von Falten<\/strong><\/a><a href=\"https:\/\/www.ju-aesthetic.de\/?page_id=602\">\u00a0<\/a><\/p><p>Hyalurons\u00e4ure ist eine \u00fcberall im K\u00f6rper nat\u00fcrlich vorkommende, wasserspeichernde Substanz, die in Gel-Form zur Auff\u00fcllung von tieferen Falten benutzt werden kann (<a href=\"https:\/\/www.ju-aesthetic.de\/?page_id=602\">Filler<\/a>). Ich verwende hierbei Hyalurons\u00e4ure-Produkte der Firma Restylane\u00ae, die gleichzeitig fest und formstabil, aber auch flexibel sind. Der Vorteil ist ein sofort sichtbares Ergebnis. Die Behandlung sollte nur alle 6-12 Monate wiederholt werden, um ein nat\u00fcrliches Aussehen zu behalten.\u00a0<\/p><p><a href=\"https:\/\/www.ju-aesthetic.de\/?page_id=604\"><strong>Botox &#8211; Effektiv gegen mimische Falten<\/strong><\/a><\/p><p>Botox ein hocheffektives Mittel gegen mimische Falten im oberen Gesichtsdrittel (Zornesfalten zwischen den Augenbrauen, Stirnfalten, Kr\u00e4henf\u00fcsse oder Lachf\u00e4ltchen um die Augen) oder auch um den Mund herum (Barcode F\u00e4ltchen an den Lippen). Regelm\u00e4\u00dfig injiziert kann es dazu beitragen, Falten niemals entstehen oder wieder verschwinden zu lassen. Die Angst oder Abneigung gegen <a href=\"https:\/\/www.dgbt.de\/patienteninfo\/mythen-und-fakten-rund-um-botulinum\">Botulinumtoxin ist absolut unbegr\u00fcndet<\/a> und nur durch die Medien gemacht. Es handelt sich hierbei um ein in der Natur von Bakterien produziertes Protein. Die Dosierungen, mit denen man in der \u00c4sthetik arbeitet sind so gering, dass das Botox keinerlei sch\u00e4dlicher Auswirkungen im K\u00f6rper haben kann. Die Vorteile sind eine schnell sichtbare, deutliche Verbesserung der mimischen Falten im Gesicht und die unkomplizierte, nahezu schmerzfreie Behandlung. Das Ergebnis zeigt sich bereits nach wenigen Tagen und h\u00e4lt circa 3 Monate. Um den Effekt aufrecht zu erhalten, muss die Behandlung regelm\u00e4\u00dfig aufgefrischt werden. Ich biete hierbei einen speziellen Preis an (ab 250\u20ac).<\/p><p><a href=\"https:\/\/www.ju-aesthetic.de\/?page_id=606\"><strong>Polynukleotide &#8211; Tiefenregeneration gegen feine Linien und F\u00e4ltchen<\/strong><\/a><\/p><p>Polynukleotide sind der neueste Trend in der \u00c4sthetik und wirklich eine Innovation. Kleine Molek\u00fcle, die aus Lachsforellen DNA gewonnen werden, stimulieren ganz nat\u00fcrlich die tiefe Regeneration in der Haut und hydratisieren sie gleichzeitig. Vor allem die d\u00fcnne, empfindliche Haut um die Augen oder den Mund wirkt nach einer Kur mit Polynukleotiden glatter, heller und tiefenerfrischt. Die Behandlung erfolgt in Mesotherapie Technik (multiple kleine Injektionen), daher muss mit kleinen H\u00e4matomen und Schwellungen f\u00fcr kurze Zeit gerechnet werden. Es ist wichtig zu wissen, dass f\u00fcr ein effektives Ergebnis mindestens drei Behandlungen im Abstand von 4-6 Wochen n\u00f6tig sind.\u00a0<\/p><p><strong><a href=\"https:\/\/www.ju-aesthetic.de\/?page_id=612\">Skinbooster &#8211; wie eine Feuchtigkeitsmaske unter der Haut<\/a><\/strong><\/p><p>Mt zunehmendem Alter wird die Haut meist trocken und grobporiger und kann dann das Licht nicht mehr so gut reflektieren. Es fehlt der &#8222;Glow&#8220;. Mit nur ganz leichten, eher fl\u00fcssigen Hyalurons\u00e4ure Pr\u00e4paraten kann man intensiv Feuchtigkeit unter die Haut bringen. So strahlt sie wieder und kleine F\u00e4ltchen werden gemindert. Diese Behandlungen k\u00f6nnen auch Pigmentst\u00f6rungen verbessern. Allerdings sollten sie in regelm\u00e4\u00dfigen Abst\u00e4nden wiederholt werden, um den Effekt aufrecht zu erhalten.\u00a0<\/p><\/div><p>Entdecke, welche Behandlung am besten zu Deinem Wunsch nach einem nat\u00fcrlich j\u00fcngerem Aussehen passen. Lass Dir jetzt von mir in meiner <a href=\"https:\/\/www.ju-aesthetic.de\/?page_id=642\">Praxis<\/a> in einem <a href=\"https:\/\/www.ju-aesthetic.de\/?page_id=634\">Beratungsgespr\u00e4ch<\/a> einen individuellen Therapie-Plan erstellen. Ich freue mich auf Dich!<\/p><\/div>\t\t\t\t\t\t\t\t<\/div>\n\t\t\t\t<\/div>\n\t\t\t\t<div class=\"elementor-element elementor-element-7e94f48c elementor-widget elementor-widget-price-list\" data-id=\"7e94f48c\" data-element_type=\"widget\" data-widget_type=\"price-list.default\">\n\t\t\t\t<div class=\"elementor-widget-container\">\n\t\t\t\t\t\n\t\t<ul class=\"elementor-price-list\">\n\n\t\t\t\t\t\t\t\t\t<li><a class=\"elementor-price-list-item\" href=\"https:\/\/www.ju-aesthetic.de\/?page_id=602\">\t\t\t\t\n\t\t\t\t<div class=\"elementor-price-list-text\">\n\t\t\t\t\t\t\t\t\t<div class=\"elementor-price-list-header\">\n\t\t\t\t\t\t\t\t\t\t\t<span class=\"elementor-price-list-title\">\n\t\t\t\t\t\t\tFaltenunterspritzung mit Filler\t\t\t\t\t\t<\/span>\n\t\t\t\t\t\t\t\t\t\t\t\t\t\t\t\t\t\t<span class=\"elementor-price-list-separator\"><\/span>\n\t\t\t\t\t\t\t\t\t\t\t\t\t\t\t\t\t\t\t<span class=\"elementor-price-list-price\">ab 350\u20ac<\/span>\n\t\t\t\t\t\t\t\t\t\t<\/div>\n\t\t\t\t\t\t\t\t\t\t\t\t\t\t\t<p class=\"elementor-price-list-description\">\n\t\t\t\t\t\t\tHyalurons\u00e4ure zur Auff\u00fcllung von Falten\t\t\t\t\t\t<\/p>\n\t\t\t\t\t\t\t\t<\/div>\n\t\t\t\t<\/a><\/li>\t\t\t\t\t\t\t\t\t\t\t\t<li><a class=\"elementor-price-list-item\" href=\"https:\/\/www.ju-aesthetic.de\/?page_id=604\">\t\t\t\t\n\t\t\t\t<div class=\"elementor-price-list-text\">\n\t\t\t\t\t\t\t\t\t<div class=\"elementor-price-list-header\">\n\t\t\t\t\t\t\t\t\t\t\t<span class=\"elementor-price-list-title\">\n\t\t\t\t\t\t\tBotox \t\t\t\t\t\t<\/span>\n\t\t\t\t\t\t\t\t\t\t\t\t\t\t\t\t\t\t<span class=\"elementor-price-list-separator\"><\/span>\n\t\t\t\t\t\t\t\t\t\t\t\t\t\t\t\t\t\t\t<span class=\"elementor-price-list-price\">ab 350\u20ac<\/span>\n\t\t\t\t\t\t\t\t\t\t<\/div>\n\t\t\t\t\t\t\t\t\t\t\t\t\t\t\t<p class=\"elementor-price-list-description\">\n\t\t\t\t\t\t\tBotulinumtoxinbehandlung mimischer Falten\t\t\t\t\t\t<\/p>\n\t\t\t\t\t\t\t\t<\/div>\n\t\t\t\t<\/a><\/li>\t\t\t\t\t\t\t\t\t\t\t\t<li><a class=\"elementor-price-list-item\" href=\"https:\/\/www.ju-aesthetic.de\/?page_id=606\">\t\t\t\t\n\t\t\t\t<div class=\"elementor-price-list-text\">\n\t\t\t\t\t\t\t\t\t<div class=\"elementor-price-list-header\">\n\t\t\t\t\t\t\t\t\t\t\t<span class=\"elementor-price-list-title\">\n\t\t\t\t\t\t\tPolynukleotide\t\t\t\t\t\t<\/span>\n\t\t\t\t\t\t\t\t\t\t\t\t\t\t\t\t\t\t<span class=\"elementor-price-list-separator\"><\/span>\n\t\t\t\t\t\t\t\t\t\t\t\t\t\t\t\t\t\t\t<span class=\"elementor-price-list-price\">ab 330\u20ac<\/span>\n\t\t\t\t\t\t\t\t\t\t<\/div>\n\t\t\t\t\t\t\t\t\t\t\t\t\t\t\t<p class=\"elementor-price-list-description\">\n\t\t\t\t\t\t\tKollagenstimulation gegen  F\u00e4ltchen um Auge oder Mund\t\t\t\t\t\t<\/p>\n\t\t\t\t\t\t\t\t<\/div>\n\t\t\t\t<\/a><\/li>\t\t\t\t\t\t\t\t\t\t\t\t<li><a class=\"elementor-price-list-item\" href=\"https:\/\/www.ju-aesthetic.de\/?page_id=612\">\t\t\t\t\n\t\t\t\t<div class=\"elementor-price-list-text\">\n\t\t\t\t\t\t\t\t\t<div class=\"elementor-price-list-header\">\n\t\t\t\t\t\t\t\t\t\t\t<span class=\"elementor-price-list-title\">\n\t\t\t\t\t\t\tSkinbooster \t\t\t\t\t\t<\/span>\n\t\t\t\t\t\t\t\t\t\t\t\t\t\t\t\t\t\t<span class=\"elementor-price-list-separator\"><\/span>\n\t\t\t\t\t\t\t\t\t\t\t\t\t\t\t\t\t\t\t<span class=\"elementor-price-list-price\">ab 300\u20ac<\/span>\n\t\t\t\t\t\t\t\t\t\t<\/div>\n\t\t\t\t\t\t\t\t\t\t\t\t\t\t\t<p class=\"elementor-price-list-description\">\n\t\t\t\t\t\t\tGlow mit Profhilo oder Skinbooster\t\t\t\t\t\t<\/p>\n\t\t\t\t\t\t\t\t<\/div>\n\t\t\t\t<\/a><\/li>\t\t\t\t\t\n\t\t<\/ul>\n\n\t\t\t\t\t\t<\/div>\n\t\t\t\t<\/div>\n\t\t\t\t<\/div>\n\t\t<div class=\"elementor-element elementor-element-4dc5d479 e-flex e-con-boxed e-con e-parent\" data-id=\"4dc5d479\" data-element_type=\"container\">\n\t\t\t\t\t<div class=\"e-con-inner\">\n\t\t\t\t<div class=\"elementor-element elementor-element-4d46bac2 elementor-widget elementor-widget-spacer\" data-id=\"4d46bac2\" data-element_type=\"widget\" data-widget_type=\"spacer.default\">\n\t\t\t\t<div class=\"elementor-widget-container\">\n\t\t\t\t\t\t\t<div class=\"elementor-spacer\">\n\t\t\t<div class=\"elementor-spacer-inner\"><\/div>\n\t\t<\/div>\n\t\t\t\t\t\t<\/div>\n\t\t\t\t<\/div>\n\t\t\t\t<div class=\"elementor-element elementor-element-50498858 elementor-widget elementor-widget-global elementor-global-2967 elementor-widget-heading\" data-id=\"50498858\" data-element_type=\"widget\" data-widget_type=\"heading.default\">\n\t\t\t\t<div class=\"elementor-widget-container\">\n\t\t\t\t\t<h3 class=\"elementor-heading-title elementor-size-default\">Die Preise richten sich  im Einzelfall stets nach den Vorgaben der GO\u00c4 und sind inkl. der gesetzl. MwSt.<\/h3>\t\t\t\t<\/div>\n\t\t\t\t<\/div>\n\t\t\t\t<div class=\"elementor-element elementor-element-4b8357c7 elementor-align-center elementor-widget elementor-widget-global elementor-global-829 elementor-widget-button\" data-id=\"4b8357c7\" data-element_type=\"widget\" data-settings=\"{&quot;motion_fx_motion_fx_mouse&quot;:&quot;yes&quot;,&quot;_animation&quot;:&quot;none&quot;}\" data-widget_type=\"button.default\">\n\t\t\t\t<div class=\"elementor-widget-container\">\n\t\t\t\t\t\t\t\t\t<div class=\"elementor-button-wrapper\">\n\t\t\t\t\t<a class=\"elementor-button elementor-button-link elementor-size-sm\" href=\"https:\/\/www.doctolib.de\/arzt\/rosenheim\/julia-kiefl\" target=\"_blank\">\n\t\t\t\t\t\t<span class=\"elementor-button-content-wrapper\">\n\t\t\t\t\t\t\t\t\t<span class=\"elementor-button-text\">Online Terminvereinbarung<\/span>\n\t\t\t\t\t<\/span>\n\t\t\t\t\t<\/a>\n\t\t\t\t<\/div>\n\t\t\t\t\t\t\t\t<\/div>\n\t\t\t\t<\/div>\n\t\t\t\t<div class=\"elementor-element elementor-element-e9f0913 elementor-align-center elementor-widget elementor-widget-global elementor-global-832 elementor-widget-button\" data-id=\"e9f0913\" data-element_type=\"widget\" data-widget_type=\"button.default\">\n\t\t\t\t<div class=\"elementor-widget-container\">\n\t\t\t\t\t\t\t\t\t<div class=\"elementor-button-wrapper\">\n\t\t\t\t\t<a class=\"elementor-button elementor-button-link elementor-size-sm\" href=\"https:\/\/www.ju-aesthetic.de\/?page_id=221\" target=\"_blank\">\n\t\t\t\t\t\t<span class=\"elementor-button-content-wrapper\">\n\t\t\t\t\t\t\t\t\t<span class=\"elementor-button-text\">Kontakt           <\/span>\n\t\t\t\t\t<\/span>\n\t\t\t\t\t<\/a>\n\t\t\t\t<\/div>\n\t\t\t\t\t\t\t\t<\/div>\n\t\t\t\t<\/div>\n\t\t\t\t\t<\/div>\n\t\t\t\t<\/div>\n\t\t<div class=\"elementor-element elementor-element-aa8f187 e-flex e-con-boxed e-con e-parent\" data-id=\"aa8f187\" data-element_type=\"container\">\n\t\t\t\t\t<div class=\"e-con-inner\">\n\t\t\t\t<div class=\"elementor-element elementor-element-6e98c13 elementor-widget elementor-widget-spacer\" data-id=\"6e98c13\" data-element_type=\"widget\" data-widget_type=\"spacer.default\">\n\t\t\t\t<div class=\"elementor-widget-container\">\n\t\t\t\t\t\t\t<div class=\"elementor-spacer\">\n\t\t\t<div class=\"elementor-spacer-inner\"><\/div>\n\t\t<\/div>\n\t\t\t\t\t\t<\/div>\n\t\t\t\t<\/div>\n\t\t\t\t\t<\/div>\n\t\t\t\t<\/div>\n\t\t<div class=\"elementor-element elementor-element-3f21761 e-flex e-con-boxed e-con e-parent\" data-id=\"3f21761\" data-element_type=\"container\">\n\t\t\t\t\t<div class=\"e-con-inner\">\n\t\t\t\t<div class=\"elementor-element elementor-element-d460d2b elementor-widget elementor-widget-image\" data-id=\"d460d2b\" data-element_type=\"widget\" data-widget_type=\"image.default\">\n\t\t\t\t<div class=\"elementor-widget-container\">\n\t\t\t\t\t\t\t\t\t\t\t\t\t\t\t<img fetchpriority=\"high\" decoding=\"async\" width=\"683\" height=\"1024\" src=\"https:\/\/www.ju-aesthetic.de\/wp-content\/uploads\/2025\/03\/00555__L7A6765-683x1024.jpg\" class=\"attachment-large size-large wp-image-4059\" alt=\"Falten Anti Aging\" srcset=\"https:\/\/www.ju-aesthetic.de\/wp-content\/uploads\/2025\/03\/00555__L7A6765-683x1024.jpg 683w, https:\/\/www.ju-aesthetic.de\/wp-content\/uploads\/2025\/03\/00555__L7A6765-200x300.jpg 200w, https:\/\/www.ju-aesthetic.de\/wp-content\/uploads\/2025\/03\/00555__L7A6765-768x1152.jpg 768w, https:\/\/www.ju-aesthetic.de\/wp-content\/uploads\/2025\/03\/00555__L7A6765-1024x1536.jpg 1024w, https:\/\/www.ju-aesthetic.de\/wp-content\/uploads\/2025\/03\/00555__L7A6765-1366x2048.jpg 1366w, https:\/\/www.ju-aesthetic.de\/wp-content\/uploads\/2025\/03\/00555__L7A6765-scaled.jpg 1707w\" sizes=\"(max-width: 683px) 100vw, 683px\" \/>\t\t\t\t\t\t\t\t\t\t\t\t\t\t\t<\/div>\n\t\t\t\t<\/div>\n\t\t\t\t\t<\/div>\n\t\t\t\t<\/div>\n\t\t\t\t<\/div>\n\t\t","protected":false},"excerpt":{"rendered":"<p>FALTENTHERAPIE UND ANTI-AGING Im Laufe des nat\u00fcrlichen Alterungsprozess entstehen in unserem Gesicht Falten, die von vielen Menschen als st\u00f6rend empfunden werde. Es ist bei der Therapie enorm wichtig, den Enstehungsprozess der Falte zu kennen und zu verstehen, sei es durch st\u00e4ndig wiederkehrende Mimik (z.B. Zornesfalte) oder abrutschendes Gewebe (z.B. Nasolabialfalte). Nur so kann man sichtbare, [&hellip;]<\/p>\n","protected":false},"author":1,"featured_media":0,"parent":0,"menu_order":0,"comment_status":"closed","ping_status":"closed","template":"","meta":{"footnotes":""},"class_list":["post-649","page","type-page","status-publish","hentry"],"_links":{"self":[{"href":"https:\/\/www.ju-aesthetic.de\/index.php?rest_route=\/wp\/v2\/pages\/649","targetHints":{"allow":["GET"]}}],"collection":[{"href":"https:\/\/www.ju-aesthetic.de\/index.php?rest_route=\/wp\/v2\/pages"}],"about":[{"href":"https:\/\/www.ju-aesthetic.de\/index.php?rest_route=\/wp\/v2\/types\/page"}],"author":[{"embeddable":true,"href":"https:\/\/www.ju-aesthetic.de\/index.php?rest_route=\/wp\/v2\/users\/1"}],"replies":[{"embeddable":true,"href":"https:\/\/www.ju-aesthetic.de\/index.php?rest_route=%2Fwp%2Fv2%2Fcomments&post=649"}],"version-history":[{"count":94,"href":"https:\/\/www.ju-aesthetic.de\/index.php?rest_route=\/wp\/v2\/pages\/649\/revisions"}],"predecessor-version":[{"id":4561,"href":"https:\/\/www.ju-aesthetic.de\/index.php?rest_route=\/wp\/v2\/pages\/649\/revisions\/4561"}],"wp:attachment":[{"href":"https:\/\/www.ju-aesthetic.de\/index.php?rest_route=%2Fwp%2Fv2%2Fmedia&parent=649"}],"curies":[{"name":"wp","href":"https:\/\/api.w.org\/{rel}","templated":true}]}}