{"id":634,"date":"2023-04-16T13:50:06","date_gmt":"2023-04-16T13:50:06","guid":{"rendered":"http:\/\/www.ju-aesthetic.de\/?page_id=634"},"modified":"2025-03-29T16:33:48","modified_gmt":"2025-03-29T16:33:48","slug":"einfach-nur-beraten-werden","status":"publish","type":"page","link":"https:\/\/www.ju-aesthetic.de\/?page_id=634","title":{"rendered":"Einfach nur beraten werden"},"content":{"rendered":"\t\t<div data-elementor-type=\"wp-page\" data-elementor-id=\"634\" class=\"elementor elementor-634\" data-elementor-post-type=\"page\">\n\t\t\t\t<div class=\"elementor-element elementor-element-efeed7c e-flex e-con-boxed e-con e-parent\" data-id=\"efeed7c\" data-element_type=\"container\">\n\t\t\t\t\t<div class=\"e-con-inner\">\n\t\t<div class=\"elementor-element elementor-element-2d9d17df e-flex e-con-boxed e-con e-parent\" data-id=\"2d9d17df\" data-element_type=\"container\">\n\t\t\t\t\t<div class=\"e-con-inner\">\n\t\t\t\t<div class=\"elementor-element elementor-element-7571ea05 elementor-widget elementor-widget-heading\" data-id=\"7571ea05\" data-element_type=\"widget\" data-widget_type=\"heading.default\">\n\t\t\t\t<div class=\"elementor-widget-container\">\n\t\t\t\t\t<h2 class=\"elementor-heading-title elementor-size-default\">BERATUNG UND GESICHTSANALYSE<\/h2>\t\t\t\t<\/div>\n\t\t\t\t<\/div>\n\t\t\t\t<div class=\"elementor-element elementor-element-3801c280 elementor-widget elementor-widget-price-list\" data-id=\"3801c280\" data-element_type=\"widget\" data-widget_type=\"price-list.default\">\n\t\t\t\t<div class=\"elementor-widget-container\">\n\t\t\t\t\t\n\t\t<ul class=\"elementor-price-list\">\n\n\t\t\t\t\t\t\t\t\t<li><a class=\"elementor-price-list-item\" href=\"#\">\t\t\t\t\n\t\t\t\t<div class=\"elementor-price-list-text\">\n\t\t\t\t\t\t\t\t\t<div class=\"elementor-price-list-header\">\n\t\t\t\t\t\t\t\t\t\t\t<span class=\"elementor-price-list-title\">\n\t\t\t\t\t\t\tBeratungsgespr\u00e4ch\t\t\t\t\t\t<\/span>\n\t\t\t\t\t\t\t\t\t\t\t\t\t\t\t\t\t\t<span class=\"elementor-price-list-separator\"><\/span>\n\t\t\t\t\t\t\t\t\t\t\t\t\t\t\t\t\t\t\t<span class=\"elementor-price-list-price\">ab 50\u20ac <\/span>\n\t\t\t\t\t\t\t\t\t\t<\/div>\n\t\t\t\t\t\t\t\t\t\t\t\t\t\t\t<p class=\"elementor-price-list-description\">\n\t\t\t\t\t\t\tAusf\u00fchrliche Beratung und Aufkl\u00e4rung inklusive Haut- und Lebensstilanalyse mind 30min\t\t\t\t\t\t<\/p>\n\t\t\t\t\t\t\t\t<\/div>\n\t\t\t\t<\/a><\/li>\t\t\t\t\t\n\t\t<\/ul>\n\n\t\t\t\t\t\t<\/div>\n\t\t\t\t<\/div>\n\t\t\t\t<div class=\"elementor-element elementor-element-5e88a0f6 elementor-widget__width-initial elementor-widget elementor-widget-text-editor\" data-id=\"5e88a0f6\" data-element_type=\"widget\" data-widget_type=\"text-editor.default\">\n\t\t\t\t<div class=\"elementor-widget-container\">\n\t\t\t\t\t\t\t\t\t<div dir=\"auto\">In der heutigen Zeit spielt das \u00c4ussere eine immer wichtigere Rolle. Sch\u00f6nheit und ein gepflegtes Erscheinungsbild sind Ausdruck von Wohlergehen und Selbstbewusstsein. Doch wie finde ich die richtige Behandlung, die zu mir passt? Was ist vielleicht zu viel und wirkt unnat\u00fcrlich oder schlichtweg Medien Hype und nicht effektiv? Eine fachkundige Beratung ist hierbei so wichtig.<\/div><div dir=\"auto\">\u00a0<\/div><div dir=\"auto\"><strong>Bevor<\/strong> Du dich einer \u00e4sthetischen Behandlung unterziehst, solltest Du Dich von einem Experten beraten lassen. Nur so k\u00f6nnen individuelle W\u00fcnsche und Bed\u00fcrfnisse besprochen und passende Behandlungskonzepte erarbeitet werden. Eine professionelle Beratung und Analyse kann Dir helfen, Deine Ziele zu verstehen und <strong>realistische Erwartungen<\/strong> zu setzen, um ein optimales Ergebnis zu erzielen.<\/div><div dir=\"auto\">\u00a0<\/div><div dir=\"auto\">Eine ausf\u00fchrliche Beratung dauert in der Regel etwa 30 &#8211; 45 Minuten und beinhaltet eine Einf\u00fchrung in die verschiedenen Behandlungsm\u00f6glichkeiten, eine Analyse\u00a0der Haut und der Lebensf\u00fchrung, sowie ein Vorschlag zur kosmetischen Unterst\u00fctzung zuhause.<\/div><div dir=\"auto\">\u00a0<\/div><div dir=\"auto\">Als <a href=\"https:\/\/www.ju-aesthetic.de\/?page_id=286\">\u00c4rztin<\/a> ist es mir durch unsere Berufsordnung nicht gestattet, eine\u00a0\u00e4rztliche Leistung wie zum Beispiel auch eine Beratung\u00a0ohne Verg\u00fctung durchzuf\u00fchren. Daher erhebe ich eine\u00a0<strong>Geb\u00fchr von 50\u20ac f\u00fcr ein\u00a0ausf\u00fchrliches Beratungs- und Aufkl\u00e4rungsgespr\u00e4ch<\/strong>. Bei einer direkt anschlie\u00dfenden Behandlung entf\u00e4llt diese Beratungspauschale.<\/div><div dir=\"auto\">\u00a0<\/div><div dir=\"auto\">In meiner <a href=\"https:\/\/www.ju-aesthetic.de\/?page_id=642\">Praxis<\/a> f\u00fchre ich t\u00e4glich\u00a0<b>ausschlie\u00dflich\u00a0<\/b>\u00e4sthetische Unterspritzungen und <a href=\"https:\/\/www.ju-aesthetic.de\/?page_id=219\">Behandlungen<\/a> durch. Ich biete Dir durch meine langj\u00e4hrige Erfahrung und Expertise, die ich stetig mit Fortbildungen und Kongressen ausbaue, eine umfassende Beratung und helfe Dir bei der Auswahl der richtigen Behandlung. Damit Du dich rundum wohl in Deiner Haut f\u00fchlen kannst. Nat\u00fcrlich bin ich stets auf dem h\u00f6chsten Stand der \u00e4sthetischen Forschung.\u00a0<\/div><div dir=\"auto\">Sichere Dir jetzt einen Beratungstermin!<\/div>\t\t\t\t\t\t\t\t<\/div>\n\t\t\t\t<\/div>\n\t\t\t\t\t<\/div>\n\t\t\t\t<\/div>\n\t\t\t\t\t<\/div>\n\t\t\t\t<\/div>\n\t\t<div class=\"elementor-element elementor-element-d9612ae e-flex e-con-boxed e-con e-parent\" data-id=\"d9612ae\" data-element_type=\"container\">\n\t\t\t\t\t<div class=\"e-con-inner\">\n\t\t\t\t<div class=\"elementor-element elementor-element-2967 elementor-widget elementor-widget-global elementor-global-2967 elementor-widget-heading\" data-id=\"2967\" data-element_type=\"widget\" data-widget_type=\"heading.default\">\n\t\t\t\t<div class=\"elementor-widget-container\">\n\t\t\t\t\t<h3 class=\"elementor-heading-title elementor-size-default\">Die Preise richten sich  im Einzelfall stets nach den Vorgaben der GO\u00c4 und sind inkl. der gesetzl. MwSt.<\/h3>\t\t\t\t<\/div>\n\t\t\t\t<\/div>\n\t\t\t\t<div class=\"elementor-element elementor-element-8cbc71b elementor-widget elementor-widget-spacer\" data-id=\"8cbc71b\" data-element_type=\"widget\" data-widget_type=\"spacer.default\">\n\t\t\t\t<div class=\"elementor-widget-container\">\n\t\t\t\t\t\t\t<div class=\"elementor-spacer\">\n\t\t\t<div class=\"elementor-spacer-inner\"><\/div>\n\t\t<\/div>\n\t\t\t\t\t\t<\/div>\n\t\t\t\t<\/div>\n\t\t\t\t<div class=\"elementor-element elementor-element-1997e42 elementor-align-center elementor-widget elementor-widget-global elementor-global-832 elementor-widget-button\" data-id=\"1997e42\" data-element_type=\"widget\" data-widget_type=\"button.default\">\n\t\t\t\t<div class=\"elementor-widget-container\">\n\t\t\t\t\t\t\t\t\t<div class=\"elementor-button-wrapper\">\n\t\t\t\t\t<a class=\"elementor-button elementor-button-link elementor-size-sm\" href=\"https:\/\/www.ju-aesthetic.de\/?page_id=221\" target=\"_blank\">\n\t\t\t\t\t\t<span class=\"elementor-button-content-wrapper\">\n\t\t\t\t\t\t\t\t\t<span class=\"elementor-button-text\">Kontakt           <\/span>\n\t\t\t\t\t<\/span>\n\t\t\t\t\t<\/a>\n\t\t\t\t<\/div>\n\t\t\t\t\t\t\t\t<\/div>\n\t\t\t\t<\/div>\n\t\t\t\t<div class=\"elementor-element elementor-element-76fae78 elementor-align-center elementor-widget elementor-widget-global elementor-global-829 elementor-widget-button\" data-id=\"76fae78\" data-element_type=\"widget\" data-settings=\"{&quot;motion_fx_motion_fx_mouse&quot;:&quot;yes&quot;,&quot;_animation&quot;:&quot;none&quot;}\" data-widget_type=\"button.default\">\n\t\t\t\t<div class=\"elementor-widget-container\">\n\t\t\t\t\t\t\t\t\t<div class=\"elementor-button-wrapper\">\n\t\t\t\t\t<a class=\"elementor-button elementor-button-link elementor-size-sm\" href=\"https:\/\/www.doctolib.de\/arzt\/rosenheim\/julia-kiefl\" target=\"_blank\">\n\t\t\t\t\t\t<span class=\"elementor-button-content-wrapper\">\n\t\t\t\t\t\t\t\t\t<span class=\"elementor-button-text\">Online Terminvereinbarung<\/span>\n\t\t\t\t\t<\/span>\n\t\t\t\t\t<\/a>\n\t\t\t\t<\/div>\n\t\t\t\t\t\t\t\t<\/div>\n\t\t\t\t<\/div>\n\t\t\t\t\t<\/div>\n\t\t\t\t<\/div>\n\t\t<div class=\"elementor-element elementor-element-c3b10b1 e-flex e-con-boxed e-con e-parent\" data-id=\"c3b10b1\" data-element_type=\"container\">\n\t\t\t\t\t<div class=\"e-con-inner\">\n\t\t\t\t<div class=\"elementor-element elementor-element-8c9b1cf elementor-widget elementor-widget-spacer\" data-id=\"8c9b1cf\" data-element_type=\"widget\" data-widget_type=\"spacer.default\">\n\t\t\t\t<div class=\"elementor-widget-container\">\n\t\t\t\t\t\t\t<div class=\"elementor-spacer\">\n\t\t\t<div class=\"elementor-spacer-inner\"><\/div>\n\t\t<\/div>\n\t\t\t\t\t\t<\/div>\n\t\t\t\t<\/div>\n\t\t\t\t\t<\/div>\n\t\t\t\t<\/div>\n\t\t<div class=\"elementor-element elementor-element-049a8b3 e-flex e-con-boxed e-con e-parent\" data-id=\"049a8b3\" data-element_type=\"container\">\n\t\t\t\t\t<div class=\"e-con-inner\">\n\t\t\t\t<div class=\"elementor-element elementor-element-0d4a291 elementor-widget elementor-widget-image\" data-id=\"0d4a291\" data-element_type=\"widget\" data-widget_type=\"image.default\">\n\t\t\t\t<div class=\"elementor-widget-container\">\n\t\t\t\t\t\t\t\t\t\t\t\t\t\t\t<img fetchpriority=\"high\" decoding=\"async\" width=\"683\" height=\"1024\" src=\"https:\/\/www.ju-aesthetic.de\/wp-content\/uploads\/2025\/03\/00302__L7A5604-683x1024.jpg\" class=\"attachment-large size-large wp-image-2537\" alt=\"Beratung\" srcset=\"https:\/\/www.ju-aesthetic.de\/wp-content\/uploads\/2025\/03\/00302__L7A5604-683x1024.jpg 683w, https:\/\/www.ju-aesthetic.de\/wp-content\/uploads\/2025\/03\/00302__L7A5604-200x300.jpg 200w, https:\/\/www.ju-aesthetic.de\/wp-content\/uploads\/2025\/03\/00302__L7A5604-768x1152.jpg 768w, https:\/\/www.ju-aesthetic.de\/wp-content\/uploads\/2025\/03\/00302__L7A5604-1024x1536.jpg 1024w, https:\/\/www.ju-aesthetic.de\/wp-content\/uploads\/2025\/03\/00302__L7A5604-1366x2048.jpg 1366w, https:\/\/www.ju-aesthetic.de\/wp-content\/uploads\/2025\/03\/00302__L7A5604-scaled.jpg 1707w\" sizes=\"(max-width: 683px) 100vw, 683px\" \/>\t\t\t\t\t\t\t\t\t\t\t\t\t\t\t<\/div>\n\t\t\t\t<\/div>\n\t\t\t\t\t<\/div>\n\t\t\t\t<\/div>\n\t\t\t\t<\/div>\n\t\t","protected":false},"excerpt":{"rendered":"<p>BERATUNG UND GESICHTSANALYSE Beratungsgespr\u00e4ch ab 50\u20ac Ausf\u00fchrliche Beratung und Aufkl\u00e4rung inklusive Haut- und Lebensstilanalyse mind 30min In der heutigen Zeit spielt das \u00c4ussere eine immer wichtigere Rolle. Sch\u00f6nheit und ein gepflegtes Erscheinungsbild sind Ausdruck von Wohlergehen und Selbstbewusstsein. Doch wie finde ich die richtige Behandlung, die zu mir passt? Was ist vielleicht zu viel und [&hellip;]<\/p>\n","protected":false},"author":1,"featured_media":0,"parent":0,"menu_order":0,"comment_status":"closed","ping_status":"closed","template":"","meta":{"footnotes":""},"class_list":["post-634","page","type-page","status-publish","hentry"],"_links":{"self":[{"href":"https:\/\/www.ju-aesthetic.de\/index.php?rest_route=\/wp\/v2\/pages\/634","targetHints":{"allow":["GET"]}}],"collection":[{"href":"https:\/\/www.ju-aesthetic.de\/index.php?rest_route=\/wp\/v2\/pages"}],"about":[{"href":"https:\/\/www.ju-aesthetic.de\/index.php?rest_route=\/wp\/v2\/types\/page"}],"author":[{"embeddable":true,"href":"https:\/\/www.ju-aesthetic.de\/index.php?rest_route=\/wp\/v2\/users\/1"}],"replies":[{"embeddable":true,"href":"https:\/\/www.ju-aesthetic.de\/index.php?rest_route=%2Fwp%2Fv2%2Fcomments&post=634"}],"version-history":[{"count":181,"href":"https:\/\/www.ju-aesthetic.de\/index.php?rest_route=\/wp\/v2\/pages\/634\/revisions"}],"predecessor-version":[{"id":4421,"href":"https:\/\/www.ju-aesthetic.de\/index.php?rest_route=\/wp\/v2\/pages\/634\/revisions\/4421"}],"wp:attachment":[{"href":"https:\/\/www.ju-aesthetic.de\/index.php?rest_route=%2Fwp%2Fv2%2Fmedia&parent=634"}],"curies":[{"name":"wp","href":"https:\/\/api.w.org\/{rel}","templated":true}]}}