{"id":630,"date":"2023-04-16T13:48:07","date_gmt":"2023-04-16T13:48:07","guid":{"rendered":"http:\/\/www.ju-aesthetic.de\/?page_id=630"},"modified":"2025-04-02T10:11:24","modified_gmt":"2025-04-02T10:11:24","slug":"weniger-falten","status":"publish","type":"page","link":"https:\/\/www.ju-aesthetic.de\/?page_id=630","title":{"rendered":"Kr\u00e4ftige Haare"},"content":{"rendered":"\t\t<div data-elementor-type=\"wp-page\" data-elementor-id=\"630\" class=\"elementor elementor-630\" data-elementor-post-type=\"page\">\n\t\t\t\t<div class=\"elementor-element elementor-element-4e8426ec e-flex e-con-boxed e-con e-parent\" data-id=\"4e8426ec\" data-element_type=\"container\">\n\t\t\t\t\t<div class=\"e-con-inner\">\n\t\t<div class=\"elementor-element elementor-element-10395263 e-con-full e-flex e-con e-parent\" data-id=\"10395263\" data-element_type=\"container\">\n\t\t\t\t<div class=\"elementor-element elementor-element-6c7fa77a elementor-widget elementor-widget-heading\" data-id=\"6c7fa77a\" data-element_type=\"widget\" data-widget_type=\"heading.default\">\n\t\t\t\t<div class=\"elementor-widget-container\">\n\t\t\t\t\t<h2 class=\"elementor-heading-title elementor-size-default\">KR\u00c4FTIGE UND VOLLE HAARE<\/h2>\t\t\t\t<\/div>\n\t\t\t\t<\/div>\n\t\t\t\t<div class=\"elementor-element elementor-element-1551fc75 elementor-widget elementor-widget-text-editor\" data-id=\"1551fc75\" data-element_type=\"widget\" data-widget_type=\"text-editor.default\">\n\t\t\t\t<div class=\"elementor-widget-container\">\n\t\t\t\t\t\t\t\t\t<div dir=\"auto\"><div dir=\"auto\">Mit den Jahren und durch hormonelle Ver\u00e4nderungen k\u00f6nnen Haare an St\u00e4rke und Volumen verlieren. Einige Menschen bemerken, dass ihr Haar d\u00fcnner wird oder mehr Haarausfall auftritt. Eine gute Haarpflege und gezielte Behandlungen sind entscheidend, um die Vitalit\u00e4t und F\u00fclle der Haare zu erhalten. Ich biete einige wirkungsvolle Methoden zur St\u00e4rkung Deiner Haare an.<\/div><div dir=\"auto\">\u00a0<\/div><div dir=\"auto\"><strong><a href=\"https:\/\/www.ju-aesthetic.de\/?page_id=618\">PRP Eigenbluttherapie &#8211; Bio Stimulation von Innen heraus<\/a><\/strong><\/div><div dir=\"auto\">\u00a0<\/div><div dir=\"auto\">Die PRP (Pl\u00e4ttchenreiches Plasma) Eigenbluttherapie nutzt Dein eigenes Blut, um Wachstum und Regeneration der Haarzellen zu stimulieren. Das ist vor allem nach einer k\u00fcrzlich statt gefundenen <strong>Haartransplantation<\/strong> sinnvoll, aber auch bei d\u00fcnner werdenden Haaren oder vermehrtem Ausfall, z.B. in den <strong>Wechseljahren<\/strong>, nach einer <strong>Krankheit<\/strong> oder <strong>Chemotherapie<\/strong>.\u00a0<\/div><div dir=\"auto\">Es f\u00f6rdert die Haarregeneration auf nat\u00fcrliche Weise, da nur k\u00f6rpereigene Stoffe verwendet werden. Um die Haarfolllikel aber sinnvoll zu stimulieren ist es unabdingbar, sie mehrfach zu &#8222;triggern&#8220;. Wir ben\u00f6tigen also drei bis f\u00fcnf Behandlungen\u00a0in einem Abstand von 4 bis 6 Wochen. Zur Erhaltung wird eine Wiederholung alle 6 bis 12 Monate empfohlen.<\/div><div dir=\"auto\">\u00a0<\/div><div dir=\"auto\"><a href=\"https:\/\/www.ju-aesthetic.de\/?page_id=606\"><strong>Polynukleotide &#8211; Innovative Wunderwaffe f\u00fcr verbesserte Haarstruktur<\/strong><\/a><\/div><div dir=\"auto\">\u00a0<\/div><div dir=\"auto\">Polynukleotide, aus Lachsforellen DNA gewonnene Molek\u00fcle, stimulieren die Zellregeneration in der Tiefe langfristig, was zur Verdickung und St\u00e4rkung der Haare f\u00fchrt.\u00a0Sie unterst\u00fctzen die Kopfhaut- und Haarregeneration und verbessern die Haarstruktur ohne chemische Zus\u00e4tze.\u00a0Auch hier ist f\u00fcr ein gutes Ergebnis einer Kur von drei bis vier Behandlungen im Abstand von jeweils 4-6 Wochen n\u00f6tig. Das funktioniert \u00fcbrigens auch an den Augenbauen!<\/div><\/div><div dir=\"auto\">\u00a0<\/div><div dir=\"auto\"><a href=\"https:\/\/www.ju-aesthetic.de\/?page_id=610\"><strong>Drip Spa &#8211; Infusionen als ganzheitlicher Ansatz<\/strong><\/a><\/div><div dir=\"auto\">\u00a0<\/div><div dir=\"auto\">Haarausfall hat auch immer etwas mit dem Stoffwechsel und der N\u00e4hrstoffversorgung im K\u00f6rper zu tun. Er kann keine (starken) Haare wachsen lassen, wenn Mineralstoffe und Aminos\u00e4uren fehlen. Mit einer Infusions-Kur k\u00f6nnen diese Defizite effektiv aufgef\u00fcllt werden. Sie ist ausserdem eine perfekte Erg\u00e4nzung zur Eigenbluttherapie!<\/div><div dir=\"auto\">\u00a0<\/div><div dir=\"auto\"><div dir=\"auto\"><strong>Besonders wichtig &#8211; nach der Haartransplantation<\/strong><\/div><div dir=\"auto\">Nach einer Haartransplantation ist eine ad\u00e4quate Nachsorge <strong>entscheidend<\/strong> f\u00fcr das Anwachsen und die Einheilung der noch sehr sensiblen transplantierten Haarfollikel. Sowohl PRP als auch Polynukleotide k\u00f6nnen den Haarwachstumsprozess f\u00f6rdern und massiv verbessern.\u00a0<\/div><\/div><div dir=\"auto\">\u00a0<\/div><div dir=\"auto\"><div dir=\"auto\">Unsere Haare sind mehr als nur ein \u00e4sthetisches Merkmal. Sie spiegeln unsere Gesundheit, Jugendlichkeit und Status wider und verdienen besondere Pflege. In meiner <a href=\"https:\/\/www.ju-aesthetic.de\/?page_id=642\">Praxis<\/a> erf\u00e4hrst du bei einem diskreten <a href=\"https:\/\/www.ju-aesthetic.de\/?page_id=634\">Beratungsgespr\u00e4ch<\/a>, wie wir gemeinsam das beste Ergebnis f\u00fcr Deine Haare erreichen k\u00f6nnen.<\/div><\/div>\t\t\t\t\t\t\t\t<\/div>\n\t\t\t\t<\/div>\n\t\t\t\t<div class=\"elementor-element elementor-element-37e0306 elementor-widget elementor-widget-price-list\" data-id=\"37e0306\" data-element_type=\"widget\" data-widget_type=\"price-list.default\">\n\t\t\t\t<div class=\"elementor-widget-container\">\n\t\t\t\t\t\n\t\t<ul class=\"elementor-price-list\">\n\n\t\t\t\t\t\t\t\t\t<li><a class=\"elementor-price-list-item\" href=\"https:\/\/www.ju-aesthetic.de\/?page_id=618\">\t\t\t\t\n\t\t\t\t<div class=\"elementor-price-list-text\">\n\t\t\t\t\t\t\t\t\t<div class=\"elementor-price-list-header\">\n\t\t\t\t\t\t\t\t\t\t\t<span class=\"elementor-price-list-title\">\n\t\t\t\t\t\t\tPRP \t\t\t\t\t\t<\/span>\n\t\t\t\t\t\t\t\t\t\t\t\t\t\t\t\t\t\t<span class=\"elementor-price-list-separator\"><\/span>\n\t\t\t\t\t\t\t\t\t\t\t\t\t\t\t\t\t\t\t<span class=\"elementor-price-list-price\">ab 250\u20ac<\/span>\n\t\t\t\t\t\t\t\t\t\t<\/div>\n\t\t\t\t\t\t\t\t\t\t\t\t\t\t\t<p class=\"elementor-price-list-description\">\n\t\t\t\t\t\t\tHerstellung und Injektion von Eigenblut in die Kopfhaut\t\t\t\t\t\t<\/p>\n\t\t\t\t\t\t\t\t<\/div>\n\t\t\t\t<\/a><\/li>\t\t\t\t\t\t\t\t\t\t\t\t<li><a class=\"elementor-price-list-item\" href=\"https:\/\/www.ju-aesthetic.de\/?page_id=606\">\t\t\t\t\n\t\t\t\t<div class=\"elementor-price-list-text\">\n\t\t\t\t\t\t\t\t\t<div class=\"elementor-price-list-header\">\n\t\t\t\t\t\t\t\t\t\t\t<span class=\"elementor-price-list-title\">\n\t\t\t\t\t\t\tPolynukleotide\t\t\t\t\t\t<\/span>\n\t\t\t\t\t\t\t\t\t\t\t\t\t\t\t\t\t\t<span class=\"elementor-price-list-separator\"><\/span>\n\t\t\t\t\t\t\t\t\t\t\t\t\t\t\t\t\t\t\t<span class=\"elementor-price-list-price\">ab 330\u20ac<\/span>\n\t\t\t\t\t\t\t\t\t\t<\/div>\n\t\t\t\t\t\t\t\t\t\t\t\t\t\t\t<p class=\"elementor-price-list-description\">\n\t\t\t\t\t\t\tHaarfollikelstimulation mittels  Polynukleotiden aus Lachs DNA\t\t\t\t\t\t<\/p>\n\t\t\t\t\t\t\t\t<\/div>\n\t\t\t\t<\/a><\/li>\t\t\t\t\t\t\t\t\t\t\t\t<li><a class=\"elementor-price-list-item\" href=\"https:\/\/www.ju-aesthetic.de\/?page_id=610\">\t\t\t\t\n\t\t\t\t<div class=\"elementor-price-list-text\">\n\t\t\t\t\t\t\t\t\t<div class=\"elementor-price-list-header\">\n\t\t\t\t\t\t\t\t\t\t\t<span class=\"elementor-price-list-title\">\n\t\t\t\t\t\t\tHaar Infusion\t\t\t\t\t\t<\/span>\n\t\t\t\t\t\t\t\t\t\t\t\t\t\t\t\t\t\t<span class=\"elementor-price-list-separator\"><\/span>\n\t\t\t\t\t\t\t\t\t\t\t\t\t\t\t\t\t\t\t<span class=\"elementor-price-list-price\">ab 120\u20ac<\/span>\n\t\t\t\t\t\t\t\t\t\t<\/div>\n\t\t\t\t\t\t\t\t\t\t\t\t\t\t\t<p class=\"elementor-price-list-description\">\n\t\t\t\t\t\t\tZur Verbesserung der N\u00e4hrstoffversorgung der Haarfollikel\t\t\t\t\t\t<\/p>\n\t\t\t\t\t\t\t\t<\/div>\n\t\t\t\t<\/a><\/li>\t\t\t\t\t\n\t\t<\/ul>\n\n\t\t\t\t\t\t<\/div>\n\t\t\t\t<\/div>\n\t\t\t\t<\/div>\n\t\t\t\t\t<\/div>\n\t\t\t\t<\/div>\n\t\t<div class=\"elementor-element elementor-element-c3a7096 e-flex e-con-boxed e-con e-parent\" data-id=\"c3a7096\" data-element_type=\"container\">\n\t\t\t\t\t<div class=\"e-con-inner\">\n\t\t\t\t<div class=\"elementor-element elementor-element-2967 elementor-widget elementor-widget-global elementor-global-2967 elementor-widget-heading\" data-id=\"2967\" data-element_type=\"widget\" data-widget_type=\"heading.default\">\n\t\t\t\t<div class=\"elementor-widget-container\">\n\t\t\t\t\t<h3 class=\"elementor-heading-title elementor-size-default\">Die Preise richten sich  im Einzelfall stets nach den Vorgaben der GO\u00c4 und sind inkl. der gesetzl. MwSt.<\/h3>\t\t\t\t<\/div>\n\t\t\t\t<\/div>\n\t\t\t\t<div class=\"elementor-element elementor-element-0566b9f elementor-widget elementor-widget-spacer\" data-id=\"0566b9f\" data-element_type=\"widget\" data-widget_type=\"spacer.default\">\n\t\t\t\t<div class=\"elementor-widget-container\">\n\t\t\t\t\t\t\t<div class=\"elementor-spacer\">\n\t\t\t<div class=\"elementor-spacer-inner\"><\/div>\n\t\t<\/div>\n\t\t\t\t\t\t<\/div>\n\t\t\t\t<\/div>\n\t\t\t\t<div class=\"elementor-element elementor-element-829 elementor-align-center elementor-widget elementor-widget-global elementor-global-829 elementor-widget-button\" data-id=\"829\" data-element_type=\"widget\" data-settings=\"{&quot;motion_fx_motion_fx_mouse&quot;:&quot;yes&quot;,&quot;_animation&quot;:&quot;none&quot;}\" data-widget_type=\"button.default\">\n\t\t\t\t<div class=\"elementor-widget-container\">\n\t\t\t\t\t\t\t\t\t<div class=\"elementor-button-wrapper\">\n\t\t\t\t\t<a class=\"elementor-button elementor-button-link elementor-size-sm\" href=\"https:\/\/www.doctolib.de\/arzt\/rosenheim\/julia-kiefl\" target=\"_blank\">\n\t\t\t\t\t\t<span class=\"elementor-button-content-wrapper\">\n\t\t\t\t\t\t\t\t\t<span class=\"elementor-button-text\">Online Terminvereinbarung<\/span>\n\t\t\t\t\t<\/span>\n\t\t\t\t\t<\/a>\n\t\t\t\t<\/div>\n\t\t\t\t\t\t\t\t<\/div>\n\t\t\t\t<\/div>\n\t\t\t\t<div class=\"elementor-element elementor-element-832 elementor-align-center elementor-widget elementor-widget-global elementor-global-832 elementor-widget-button\" data-id=\"832\" data-element_type=\"widget\" data-widget_type=\"button.default\">\n\t\t\t\t<div class=\"elementor-widget-container\">\n\t\t\t\t\t\t\t\t\t<div class=\"elementor-button-wrapper\">\n\t\t\t\t\t<a class=\"elementor-button elementor-button-link elementor-size-sm\" href=\"https:\/\/www.ju-aesthetic.de\/?page_id=221\" target=\"_blank\">\n\t\t\t\t\t\t<span class=\"elementor-button-content-wrapper\">\n\t\t\t\t\t\t\t\t\t<span class=\"elementor-button-text\">Kontakt           <\/span>\n\t\t\t\t\t<\/span>\n\t\t\t\t\t<\/a>\n\t\t\t\t<\/div>\n\t\t\t\t\t\t\t\t<\/div>\n\t\t\t\t<\/div>\n\t\t\t\t\t<\/div>\n\t\t\t\t<\/div>\n\t\t<div class=\"elementor-element elementor-element-4d64720 e-flex e-con-boxed e-con e-parent\" data-id=\"4d64720\" data-element_type=\"container\">\n\t\t\t\t\t<div class=\"e-con-inner\">\n\t\t\t\t<div class=\"elementor-element elementor-element-805524b elementor-widget elementor-widget-spacer\" data-id=\"805524b\" data-element_type=\"widget\" data-widget_type=\"spacer.default\">\n\t\t\t\t<div class=\"elementor-widget-container\">\n\t\t\t\t\t\t\t<div class=\"elementor-spacer\">\n\t\t\t<div class=\"elementor-spacer-inner\"><\/div>\n\t\t<\/div>\n\t\t\t\t\t\t<\/div>\n\t\t\t\t<\/div>\n\t\t\t\t\t<\/div>\n\t\t\t\t<\/div>\n\t\t<div class=\"elementor-element elementor-element-a3b2246 e-flex e-con-boxed e-con e-parent\" data-id=\"a3b2246\" data-element_type=\"container\">\n\t\t\t\t\t<div class=\"e-con-inner\">\n\t\t\t\t<div class=\"elementor-element elementor-element-8cb2fbb elementor-widget elementor-widget-image\" data-id=\"8cb2fbb\" data-element_type=\"widget\" data-widget_type=\"image.default\">\n\t\t\t\t<div class=\"elementor-widget-container\">\n\t\t\t\t\t\t\t\t\t\t\t\t\t\t\t<img fetchpriority=\"high\" decoding=\"async\" width=\"683\" height=\"1024\" src=\"https:\/\/www.ju-aesthetic.de\/wp-content\/uploads\/2025\/03\/00525__L7A6614-683x1024.jpg\" class=\"attachment-large size-large wp-image-3647\" alt=\"\" srcset=\"https:\/\/www.ju-aesthetic.de\/wp-content\/uploads\/2025\/03\/00525__L7A6614-683x1024.jpg 683w, https:\/\/www.ju-aesthetic.de\/wp-content\/uploads\/2025\/03\/00525__L7A6614-200x300.jpg 200w, https:\/\/www.ju-aesthetic.de\/wp-content\/uploads\/2025\/03\/00525__L7A6614-768x1152.jpg 768w, https:\/\/www.ju-aesthetic.de\/wp-content\/uploads\/2025\/03\/00525__L7A6614-1024x1536.jpg 1024w, https:\/\/www.ju-aesthetic.de\/wp-content\/uploads\/2025\/03\/00525__L7A6614-1366x2048.jpg 1366w, https:\/\/www.ju-aesthetic.de\/wp-content\/uploads\/2025\/03\/00525__L7A6614-scaled.jpg 1707w\" sizes=\"(max-width: 683px) 100vw, 683px\" \/>\t\t\t\t\t\t\t\t\t\t\t\t\t\t\t<\/div>\n\t\t\t\t<\/div>\n\t\t\t\t\t<\/div>\n\t\t\t\t<\/div>\n\t\t\t\t<\/div>\n\t\t","protected":false},"excerpt":{"rendered":"<p>KR\u00c4FTIGE UND VOLLE HAARE Mit den Jahren und durch hormonelle Ver\u00e4nderungen k\u00f6nnen Haare an St\u00e4rke und Volumen verlieren. Einige Menschen bemerken, dass ihr Haar d\u00fcnner wird oder mehr Haarausfall auftritt. Eine gute Haarpflege und gezielte Behandlungen sind entscheidend, um die Vitalit\u00e4t und F\u00fclle der Haare zu erhalten. Ich biete einige wirkungsvolle Methoden zur St\u00e4rkung Deiner [&hellip;]<\/p>\n","protected":false},"author":1,"featured_media":0,"parent":0,"menu_order":0,"comment_status":"closed","ping_status":"closed","template":"","meta":{"footnotes":""},"class_list":["post-630","page","type-page","status-publish","hentry"],"_links":{"self":[{"href":"https:\/\/www.ju-aesthetic.de\/index.php?rest_route=\/wp\/v2\/pages\/630","targetHints":{"allow":["GET"]}}],"collection":[{"href":"https:\/\/www.ju-aesthetic.de\/index.php?rest_route=\/wp\/v2\/pages"}],"about":[{"href":"https:\/\/www.ju-aesthetic.de\/index.php?rest_route=\/wp\/v2\/types\/page"}],"author":[{"embeddable":true,"href":"https:\/\/www.ju-aesthetic.de\/index.php?rest_route=\/wp\/v2\/users\/1"}],"replies":[{"embeddable":true,"href":"https:\/\/www.ju-aesthetic.de\/index.php?rest_route=%2Fwp%2Fv2%2Fcomments&post=630"}],"version-history":[{"count":131,"href":"https:\/\/www.ju-aesthetic.de\/index.php?rest_route=\/wp\/v2\/pages\/630\/revisions"}],"predecessor-version":[{"id":4434,"href":"https:\/\/www.ju-aesthetic.de\/index.php?rest_route=\/wp\/v2\/pages\/630\/revisions\/4434"}],"wp:attachment":[{"href":"https:\/\/www.ju-aesthetic.de\/index.php?rest_route=%2Fwp%2Fv2%2Fmedia&parent=630"}],"curies":[{"name":"wp","href":"https:\/\/api.w.org\/{rel}","templated":true}]}}