{"id":614,"date":"2023-04-16T13:43:58","date_gmt":"2023-04-16T13:43:58","guid":{"rendered":"http:\/\/www.ju-aesthetic.de\/?page_id=614"},"modified":"2025-03-27T20:35:37","modified_gmt":"2025-03-27T20:35:37","slug":"schoene-lippen","status":"publish","type":"page","link":"https:\/\/www.ju-aesthetic.de\/?page_id=614","title":{"rendered":"Sinnliche Lippen"},"content":{"rendered":"\t\t<div data-elementor-type=\"wp-page\" data-elementor-id=\"614\" class=\"elementor elementor-614\" data-elementor-post-type=\"page\">\n\t\t\t\t<div class=\"elementor-element elementor-element-3ad94860 e-flex e-con-boxed e-con e-parent\" data-id=\"3ad94860\" data-element_type=\"container\">\n\t\t\t\t\t<div class=\"e-con-inner\">\n\t\t<div class=\"elementor-element elementor-element-5b0b48e1 e-con-full e-flex e-con e-parent\" data-id=\"5b0b48e1\" data-element_type=\"container\">\n\t\t\t\t<div class=\"elementor-element elementor-element-657bc6bb elementor-widget elementor-widget-heading\" data-id=\"657bc6bb\" data-element_type=\"widget\" data-widget_type=\"heading.default\">\n\t\t\t\t<div class=\"elementor-widget-container\">\n\t\t\t\t\t<h2 class=\"elementor-heading-title elementor-size-default\">SCH\u00d6NE LIPPEN<\/h2>\t\t\t\t<\/div>\n\t\t\t\t<\/div>\n\t\t\t\t<div class=\"elementor-element elementor-element-72cc081c elementor-widget elementor-widget-text-editor\" data-id=\"72cc081c\" data-element_type=\"widget\" data-widget_type=\"text-editor.default\">\n\t\t\t\t<div class=\"elementor-widget-container\">\n\t\t\t\t\t\t\t\t\t<div dir=\"auto\"><p>Die Lippen sind ein zentraler Ausdruck unserer Pers\u00f6nlichkeit und ver\u00e4ndern sich im Laufe des Lebens. Mit zunehmendem Alter verlieren sie an Volumen, erscheinen d\u00fcnner und F\u00e4ltchen um den Mund entstehen. Symmetrische, glatte Lippen tragen nicht nur zu einer jugendlicheren Ausstrahlung bei, sondern auch zur Steigerung des Selbstbewusstseins. Es gibt verschiedene Ans\u00e4tze und Behandlungsm\u00f6glichkeiten, um Ihre Lippen optimal zu versch\u00f6nern.<\/p><p><a href=\"https:\/\/www.ju-aesthetic.de\/?page_id=602\"><strong>Hyalurons\u00e4ure \u2013 Volumisierung und Vergr\u00f6\u00dferung<\/strong><\/a><\/p><p>Der Klassiker! Hyalurons\u00e4ure\u00a0ist eine \u00fcberall im K\u00f6rper nat\u00fcrlich vorkommende, wasserspeichernde Substanz, die in Gel-Form zur Volumengebung und Vergr\u00f6\u00dferung der Lippen verwendet wird (<a href=\"https:\/\/www.ju-aesthetic.de\/?page_id=602\">Filler<\/a>). Die Vorteile sind ein sofort sichtbares Ergebnis, das, abh\u00e4ngig vom individuellen Stoffwechsel und dem verwendeten Produkt, 3-9 Monate h\u00e4lt. Es ist wichtig zu wissen, dass es nach der Behandlung zu einer initialen Schwellung und H\u00e4matomen kommen kann. Das Endergebnis ist nach ca. 14 Tagen zu sehen. Vor der Unterspritzung empfehle ich eine bet\u00e4ubende Salbe 30 Minuten einwirken zu lassen.\u00a0<\/p><p><strong><a href=\"https:\/\/www.ju-aesthetic.de\/?page_id=604\">Botulinumtoxin \u2013 Verbesserung von F\u00e4ltchen und Lip Flip<\/a> \u00a0 \u00a0 \u00a0 \u00a0 \u00a0 \u00a0<\/strong><\/p><p>Botox\u00a0verhindert das Entstehen oder gl\u00e4ttet die vertikalen F\u00e4ltchen an der Oberlippe (Barcode oder Raucherf\u00e4ltchen) effektiv. Es kann auch zur nat\u00fcrlichen Vergr\u00f6\u00dferung der Lippe oder beim sogenannten &#8222;Gummy Smile&#8220; gespritzt werden. Diese Technik nennt sich LipFlip. Die Vorteile sind eine subtile optische Verbesserung der Oberlippe ohne Fillerinjektion und die schnelle, unkomplizierte, nahezu schmerzfreie Behandlung. Durch die verringerte Muskelaktivit\u00e4t kann es aber im Alltag leicht einschr\u00e4nkend sein (z.B. das Trinken aus einem Strohhalm oder Pfeifen). Das Ergebnis zeigt sich nach wenigen Tagen und h\u00e4lt circa 6-12 Wochen.<\/p><p><a href=\"https:\/\/www.ju-aesthetic.de\/?page_id=612\"><strong>Skinbooster \u2013 Optimierung der F\u00e4ltchen um den Mund herum<\/strong>\u00a0<\/a><\/p><p>Skinbooster sind wenig oder gar nicht vernetzte Hyalurons\u00e4ureprodukte. Daher geht es hier auch nicht um eine Volumenvergr\u00f6\u00dferung, sondern um die intensive Durchfeuchtung und Verbesserung der Elastizit\u00e4t des Gewebes. So k\u00f6nnen vor allem feine Linien und eine unregelm\u00e4\u00dfige Hautstruktur um den Mund verbessert werden. Die Vorteile sind eine schmerzarme Behandlung mit schnell sichtbarem Ergebnis und ein frisches, hydriertes Aussehen. Ich empfehle zu Beginn unbedingt zwei bis drei Sitzungen im Abstand von 4 Wochen. Das Ergebnis sollte dann ungef\u00e4hr einmal im Jahr einmalig aufgefrischt werden.<\/p><p><a href=\"https:\/\/www.ju-aesthetic.de\/?page_id=606\"><strong>Polynukleotide &#8211; Tiefenregeneration und Kollagenbiostimulation<\/strong><\/a><\/p><p>Polynukleotide sind der neueste Trend in der \u00c4sthetik und wirklich eine Revolution. Die aus Lachs DNA gewonnenen, langkettigen Molek\u00fcle stimulieren die nat\u00fcrliche Bio-Regeneration tief in der Haut und durchfeuchten sie gleichzeitig. Die Haut wirkt nach einer Anti-Aging Kur mit Polynukleotiden glatter, strahlender und ges\u00fcnder. Die Behandlung erfolgt in Mesotherapie Technik, daher muss mit kleinen H\u00e4matomen und Schwellungen f\u00fcr kurze Zeit gerechnet werden. Es ist wichtig zu wissen, dass f\u00fcr ein effektives Ergebnis einer Kur von zwei bis drei Behandlungen im Abstand von 4-6 Wochen n\u00f6tig ist.<\/p><p>Entdecke, welche Behandlung am besten zu Deinen Bed\u00fcrfnissen passt, um Deine Lippen voll und sinnlich zu gestalten. Lass Dir jetzt von mir in meiner Praxis in einem <a href=\"https:\/\/www.ju-aesthetic.de\/?page_id=634\">Beratungsgespr\u00e4ch<\/a> einen individuellen Therapie-Plan erstellen!<\/p><\/div>\t\t\t\t\t\t\t\t<\/div>\n\t\t\t\t<\/div>\n\t\t\t\t<div class=\"elementor-element elementor-element-ae0104d elementor-widget elementor-widget-price-list\" data-id=\"ae0104d\" data-element_type=\"widget\" data-widget_type=\"price-list.default\">\n\t\t\t\t<div class=\"elementor-widget-container\">\n\t\t\t\t\t\n\t\t<ul class=\"elementor-price-list\">\n\n\t\t\t\t\t\t\t\t\t<li><a class=\"elementor-price-list-item\" href=\"https:\/\/www.ju-aesthetic.de\/?page_id=602\">\t\t\t\t\n\t\t\t\t<div class=\"elementor-price-list-text\">\n\t\t\t\t\t\t\t\t\t<div class=\"elementor-price-list-header\">\n\t\t\t\t\t\t\t\t\t\t\t<span class=\"elementor-price-list-title\">\n\t\t\t\t\t\t\tLippenunterspritzung mit Filler\t\t\t\t\t\t<\/span>\n\t\t\t\t\t\t\t\t\t\t\t\t\t\t\t\t\t\t<span class=\"elementor-price-list-separator\"><\/span>\n\t\t\t\t\t\t\t\t\t\t\t\t\t\t\t\t\t\t\t<span class=\"elementor-price-list-price\">ab 350\u20ac<\/span>\n\t\t\t\t\t\t\t\t\t\t<\/div>\n\t\t\t\t\t\t\t\t\t\t\t\t\t\t\t<p class=\"elementor-price-list-description\">\n\t\t\t\t\t\t\t1ml Hyalurons\u00e4ure zur Vergr\u00f6\u00dferung oder Asymmetrie-Ausgleich \t\t\t\t\t\t<\/p>\n\t\t\t\t\t\t\t\t<\/div>\n\t\t\t\t<\/a><\/li>\t\t\t\t\t\t\t\t\t\t\t\t<li><a class=\"elementor-price-list-item\" href=\"https:\/\/www.ju-aesthetic.de\/?page_id=604\">\t\t\t\t\n\t\t\t\t<div class=\"elementor-price-list-text\">\n\t\t\t\t\t\t\t\t\t<div class=\"elementor-price-list-header\">\n\t\t\t\t\t\t\t\t\t\t\t<span class=\"elementor-price-list-title\">\n\t\t\t\t\t\t\tLipFlip mit Botulinumtoxin\t\t\t\t\t\t<\/span>\n\t\t\t\t\t\t\t\t\t\t\t\t\t\t\t\t\t\t<span class=\"elementor-price-list-separator\"><\/span>\n\t\t\t\t\t\t\t\t\t\t\t\t\t\t\t\t\t\t\t<span class=\"elementor-price-list-price\">ab 100\u20ac<\/span>\n\t\t\t\t\t\t\t\t\t\t<\/div>\n\t\t\t\t\t\t\t\t\t\t\t\t\t\t\t<p class=\"elementor-price-list-description\">\n\t\t\t\t\t\t\tBotulinumtoxinbehandlung bei Gummy Smile oder Oberlippenf\u00e4ltchen\t\t\t\t\t\t<\/p>\n\t\t\t\t\t\t\t\t<\/div>\n\t\t\t\t<\/a><\/li>\t\t\t\t\t\t\t\t\t\t\t\t<li><a class=\"elementor-price-list-item\" href=\"https:\/\/www.ju-aesthetic.de\/?page_id=612\">\t\t\t\t\n\t\t\t\t<div class=\"elementor-price-list-text\">\n\t\t\t\t\t\t\t\t\t<div class=\"elementor-price-list-header\">\n\t\t\t\t\t\t\t\t\t\t\t<span class=\"elementor-price-list-title\">\n\t\t\t\t\t\t\t Skinbooster gegen Lippenf\u00e4ltchen\t\t\t\t\t\t<\/span>\n\t\t\t\t\t\t\t\t\t\t\t\t\t\t\t\t\t\t<span class=\"elementor-price-list-separator\"><\/span>\n\t\t\t\t\t\t\t\t\t\t\t\t\t\t\t\t\t\t\t<span class=\"elementor-price-list-price\">ab 290\u20ac<\/span>\n\t\t\t\t\t\t\t\t\t\t<\/div>\n\t\t\t\t\t\t\t\t\t\t\t\t\t\t\t<p class=\"elementor-price-list-description\">\n\t\t\t\t\t\t\tBehandlung der Falten um den Mund und Durchfeuchtung der Lippen\t\t\t\t\t\t<\/p>\n\t\t\t\t\t\t\t\t<\/div>\n\t\t\t\t<\/a><\/li>\t\t\t\t\t\t\t\t\t\t\t\t<li><a class=\"elementor-price-list-item\" href=\"https:\/\/www.ju-aesthetic.de\/?page_id=606\">\t\t\t\t\n\t\t\t\t<div class=\"elementor-price-list-text\">\n\t\t\t\t\t\t\t\t\t<div class=\"elementor-price-list-header\">\n\t\t\t\t\t\t\t\t\t\t\t<span class=\"elementor-price-list-title\">\n\t\t\t\t\t\t\tPolynukleotide zur Tiefenregeneration\t\t\t\t\t\t<\/span>\n\t\t\t\t\t\t\t\t\t\t\t\t\t\t\t\t\t\t<span class=\"elementor-price-list-separator\"><\/span>\n\t\t\t\t\t\t\t\t\t\t\t\t\t\t\t\t\t\t\t<span class=\"elementor-price-list-price\">ab 330\u20ac<\/span>\n\t\t\t\t\t\t\t\t\t\t<\/div>\n\t\t\t\t\t\t\t\t\t\t\t\t\t\t\t<p class=\"elementor-price-list-description\">\n\t\t\t\t\t\t\tKollagenstimulation mittels  Polynukleotiden aus Lachs DNA\t\t\t\t\t\t<\/p>\n\t\t\t\t\t\t\t\t<\/div>\n\t\t\t\t<\/a><\/li>\t\t\t\t\t\n\t\t<\/ul>\n\n\t\t\t\t\t\t<\/div>\n\t\t\t\t<\/div>\n\t\t\t\t<\/div>\n\t\t\t\t\t<\/div>\n\t\t\t\t<\/div>\n\t\t<div class=\"elementor-element elementor-element-76f6a3c e-flex e-con-boxed e-con e-parent\" data-id=\"76f6a3c\" data-element_type=\"container\">\n\t\t\t\t\t<div class=\"e-con-inner\">\n\t\t\t\t<div class=\"elementor-element elementor-element-2967 elementor-widget elementor-widget-global elementor-global-2967 elementor-widget-heading\" data-id=\"2967\" data-element_type=\"widget\" data-widget_type=\"heading.default\">\n\t\t\t\t<div class=\"elementor-widget-container\">\n\t\t\t\t\t<h3 class=\"elementor-heading-title elementor-size-default\">Die Preise richten sich  im Einzelfall stets nach den Vorgaben der GO\u00c4 und sind inkl. der gesetzl. MwSt.<\/h3>\t\t\t\t<\/div>\n\t\t\t\t<\/div>\n\t\t\t\t<div class=\"elementor-element elementor-element-1611779 elementor-widget elementor-widget-spacer\" data-id=\"1611779\" data-element_type=\"widget\" data-widget_type=\"spacer.default\">\n\t\t\t\t<div class=\"elementor-widget-container\">\n\t\t\t\t\t\t\t<div class=\"elementor-spacer\">\n\t\t\t<div class=\"elementor-spacer-inner\"><\/div>\n\t\t<\/div>\n\t\t\t\t\t\t<\/div>\n\t\t\t\t<\/div>\n\t\t\t\t<div class=\"elementor-element elementor-element-829 elementor-align-center elementor-widget elementor-widget-global elementor-global-829 elementor-widget-button\" data-id=\"829\" data-element_type=\"widget\" data-settings=\"{&quot;motion_fx_motion_fx_mouse&quot;:&quot;yes&quot;,&quot;_animation&quot;:&quot;none&quot;}\" data-widget_type=\"button.default\">\n\t\t\t\t<div class=\"elementor-widget-container\">\n\t\t\t\t\t\t\t\t\t<div class=\"elementor-button-wrapper\">\n\t\t\t\t\t<a class=\"elementor-button elementor-button-link elementor-size-sm\" href=\"https:\/\/www.doctolib.de\/arzt\/rosenheim\/julia-kiefl\" target=\"_blank\">\n\t\t\t\t\t\t<span class=\"elementor-button-content-wrapper\">\n\t\t\t\t\t\t\t\t\t<span class=\"elementor-button-text\">Online Terminvereinbarung<\/span>\n\t\t\t\t\t<\/span>\n\t\t\t\t\t<\/a>\n\t\t\t\t<\/div>\n\t\t\t\t\t\t\t\t<\/div>\n\t\t\t\t<\/div>\n\t\t\t\t<div class=\"elementor-element elementor-element-832 elementor-align-center elementor-widget elementor-widget-global elementor-global-832 elementor-widget-button\" data-id=\"832\" data-element_type=\"widget\" data-widget_type=\"button.default\">\n\t\t\t\t<div class=\"elementor-widget-container\">\n\t\t\t\t\t\t\t\t\t<div class=\"elementor-button-wrapper\">\n\t\t\t\t\t<a class=\"elementor-button elementor-button-link elementor-size-sm\" href=\"https:\/\/www.ju-aesthetic.de\/?page_id=221\" target=\"_blank\">\n\t\t\t\t\t\t<span class=\"elementor-button-content-wrapper\">\n\t\t\t\t\t\t\t\t\t<span class=\"elementor-button-text\">Kontakt           <\/span>\n\t\t\t\t\t<\/span>\n\t\t\t\t\t<\/a>\n\t\t\t\t<\/div>\n\t\t\t\t\t\t\t\t<\/div>\n\t\t\t\t<\/div>\n\t\t\t\t\t<\/div>\n\t\t\t\t<\/div>\n\t\t<div class=\"elementor-element elementor-element-4740da2 e-flex e-con-boxed e-con e-parent\" data-id=\"4740da2\" data-element_type=\"container\">\n\t\t\t\t\t<div class=\"e-con-inner\">\n\t\t\t\t<div class=\"elementor-element elementor-element-468139a elementor-widget elementor-widget-spacer\" data-id=\"468139a\" data-element_type=\"widget\" data-widget_type=\"spacer.default\">\n\t\t\t\t<div class=\"elementor-widget-container\">\n\t\t\t\t\t\t\t<div class=\"elementor-spacer\">\n\t\t\t<div class=\"elementor-spacer-inner\"><\/div>\n\t\t<\/div>\n\t\t\t\t\t\t<\/div>\n\t\t\t\t<\/div>\n\t\t\t\t\t<\/div>\n\t\t\t\t<\/div>\n\t\t<div class=\"elementor-element elementor-element-68f05fe e-flex e-con-boxed e-con e-parent\" data-id=\"68f05fe\" data-element_type=\"container\">\n\t\t\t\t\t<div class=\"e-con-inner\">\n\t\t\t\t<div class=\"elementor-element elementor-element-fc5b38a elementor-widget elementor-widget-image\" data-id=\"fc5b38a\" data-element_type=\"widget\" data-widget_type=\"image.default\">\n\t\t\t\t<div class=\"elementor-widget-container\">\n\t\t\t\t\t\t\t\t\t\t\t\t\t\t\t<img fetchpriority=\"high\" decoding=\"async\" width=\"683\" height=\"1024\" src=\"https:\/\/www.ju-aesthetic.de\/wp-content\/uploads\/2025\/03\/00367__L7A5843-683x1024.jpg\" class=\"attachment-large size-large wp-image-2869\" alt=\"Lippen, Spritze, Lippenvergr\u00f6\u00dferung\" srcset=\"https:\/\/www.ju-aesthetic.de\/wp-content\/uploads\/2025\/03\/00367__L7A5843-683x1024.jpg 683w, https:\/\/www.ju-aesthetic.de\/wp-content\/uploads\/2025\/03\/00367__L7A5843-200x300.jpg 200w, https:\/\/www.ju-aesthetic.de\/wp-content\/uploads\/2025\/03\/00367__L7A5843-768x1152.jpg 768w, https:\/\/www.ju-aesthetic.de\/wp-content\/uploads\/2025\/03\/00367__L7A5843-1024x1536.jpg 1024w, https:\/\/www.ju-aesthetic.de\/wp-content\/uploads\/2025\/03\/00367__L7A5843-1366x2048.jpg 1366w, https:\/\/www.ju-aesthetic.de\/wp-content\/uploads\/2025\/03\/00367__L7A5843-scaled.jpg 1707w\" sizes=\"(max-width: 683px) 100vw, 683px\" \/>\t\t\t\t\t\t\t\t\t\t\t\t\t\t\t<\/div>\n\t\t\t\t<\/div>\n\t\t\t\t\t<\/div>\n\t\t\t\t<\/div>\n\t\t\t\t<\/div>\n\t\t","protected":false},"excerpt":{"rendered":"<p>SCH\u00d6NE LIPPEN Die Lippen sind ein zentraler Ausdruck unserer Pers\u00f6nlichkeit und ver\u00e4ndern sich im Laufe des Lebens. Mit zunehmendem Alter verlieren sie an Volumen, erscheinen d\u00fcnner und F\u00e4ltchen um den Mund entstehen. Symmetrische, glatte Lippen tragen nicht nur zu einer jugendlicheren Ausstrahlung bei, sondern auch zur Steigerung des Selbstbewusstseins. Es gibt verschiedene Ans\u00e4tze und Behandlungsm\u00f6glichkeiten, [&hellip;]<\/p>\n","protected":false},"author":1,"featured_media":0,"parent":0,"menu_order":0,"comment_status":"closed","ping_status":"closed","template":"","meta":{"footnotes":""},"class_list":["post-614","page","type-page","status-publish","hentry"],"_links":{"self":[{"href":"https:\/\/www.ju-aesthetic.de\/index.php?rest_route=\/wp\/v2\/pages\/614","targetHints":{"allow":["GET"]}}],"collection":[{"href":"https:\/\/www.ju-aesthetic.de\/index.php?rest_route=\/wp\/v2\/pages"}],"about":[{"href":"https:\/\/www.ju-aesthetic.de\/index.php?rest_route=\/wp\/v2\/types\/page"}],"author":[{"embeddable":true,"href":"https:\/\/www.ju-aesthetic.de\/index.php?rest_route=\/wp\/v2\/users\/1"}],"replies":[{"embeddable":true,"href":"https:\/\/www.ju-aesthetic.de\/index.php?rest_route=%2Fwp%2Fv2%2Fcomments&post=614"}],"version-history":[{"count":200,"href":"https:\/\/www.ju-aesthetic.de\/index.php?rest_route=\/wp\/v2\/pages\/614\/revisions"}],"predecessor-version":[{"id":4188,"href":"https:\/\/www.ju-aesthetic.de\/index.php?rest_route=\/wp\/v2\/pages\/614\/revisions\/4188"}],"wp:attachment":[{"href":"https:\/\/www.ju-aesthetic.de\/index.php?rest_route=%2Fwp%2Fv2%2Fmedia&parent=614"}],"curies":[{"name":"wp","href":"https:\/\/api.w.org\/{rel}","templated":true}]}}